{"id":45,"date":"2024-03-14T11:13:31","date_gmt":"2024-03-14T11:13:31","guid":{"rendered":"https:\/\/puertaaeuropa.com\/?page_id=45"},"modified":"2025-09-19T19:29:18","modified_gmt":"2025-09-19T18:29:18","slug":"contacto","status":"publish","type":"page","link":"https:\/\/puertaaeuropa.com\/index.php\/contacto\/","title":{"rendered":"Contacto"},"content":{"rendered":"\n<div class=\"wp-block-media-text has-media-on-the-right is-stacked-on-mobile is-vertically-aligned-center\" style=\"grid-template-columns:auto 42%\"><div class=\"wp-block-media-text__content\">\n<p><strong>UNIVERSITAS IBEROAMERICANA<\/strong><\/p>\n\n\n\n<p class=\"has-text-align-left\"><strong>Movilidad acad\u00e9mica y profesional para j\u00f3venes hispanoamericanos, al<\/strong><br><strong>estilo Erasmus.<\/strong><\/p>\n\n\n\n<p>C\/ Dr. Jaime Vera, 6, Ppal. A<\/p>\n\n\n\n<p>37007 Salamanca (Espa\u00f1a)<\/p>\n\n\n\n<p><strong>Direcci\u00f3n<\/strong><\/p>\n\n\n\n<div class=\"wp-block-group is-vertical is-layout-flex wp-container-core-group-is-layout-fe9cc265 wp-block-group-is-layout-flex\">\n<p>Telf. + (34) 923 280510<\/p>\n\n\n\n<p>email: <a href=\"mailto:info@puertaaeuropa.com\">info@puertaaeuropa.com<\/a><\/p>\n<\/div>\n\n\n\n<p><strong>Secretar\u00eda<\/strong><\/p>\n\n\n\n<p>WhatsApp + 34 682 64 99 27<\/p>\n\n\n\n<p>email: <a href=\"mailto:info@puertaaeuropa.com\">info@puertaaeuropa.com<\/a><\/p>\n<\/div><figure class=\"wp-block-media-text__media\"><img loading=\"lazy\" decoding=\"async\" width=\"504\" height=\"441\" src=\"https:\/\/puertaaeuropa.com\/wp-content\/uploads\/2024\/05\/logo-puerta-a-europa-peque.jpeg\" alt=\"\" class=\"wp-image-333 size-full\" srcset=\"https:\/\/puertaaeuropa.com\/wp-content\/uploads\/2024\/05\/logo-puerta-a-europa-peque.jpeg 504w, https:\/\/puertaaeuropa.com\/wp-content\/uploads\/2024\/05\/logo-puerta-a-europa-peque-300x263.jpeg 300w\" sizes=\"auto, (max-width: 504px) 100vw, 504px\" \/><\/figure><\/div>\n\n\n\n<figure class=\"wp-block-image aligncenter size-full is-resized\"><img loading=\"lazy\" decoding=\"async\" width=\"448\" height=\"672\" src=\"https:\/\/puertaaeuropa.com\/wp-content\/uploads\/2025\/09\/Andres-Bello-2-edited.jpg\" alt=\"\" class=\"wp-image-338\" style=\"width:331px;height:auto\" srcset=\"https:\/\/puertaaeuropa.com\/wp-content\/uploads\/2025\/09\/Andres-Bello-2-edited.jpg 448w, https:\/\/puertaaeuropa.com\/wp-content\/uploads\/2025\/09\/Andres-Bello-2-edited-200x300.jpg 200w\" sizes=\"auto, (max-width: 448px) 100vw, 448px\" \/><\/figure>\n\n\n\n<p>Andr\u00e9s de Jes\u00fas Mar\u00eda Bello L\u00f3pez<strong> -Andr\u00e9s Bello-<\/strong> (1781-1865) fue una de las figuras intelectuales m\u00e1s influyentes de Hispanoam\u00e9rica en el siglo XIX. Nacido en Caracas, se distingui\u00f3 como humanista, jurista, poeta y educador, comprometido con el desarrollo cultural y jur\u00eddico de los nuevos Estados americanos.<\/p>\n\n\n\n<p>Se form\u00f3 en el Seminario de Santa Rosa y en la Universidad de Caracas, donde obtuvo el grado de bachiller en artes. Gran autodidacta, cultiv\u00f3 lenguas, literatura, filosof\u00eda y ciencias. En 1810 viaj\u00f3 a Londres como parte de una misi\u00f3n diplom\u00e1tica y all\u00ed permaneci\u00f3 cerca de veinte a\u00f1os, perfeccionando su formaci\u00f3n y relacion\u00e1ndose con el pensamiento ilustrado europeo.<\/p>\n\n\n\n<p>Su producci\u00f3n intelectual fue vasta: la Gram\u00e1tica de la lengua castellana destinada al uso de los americanos (1847), el C\u00f3digo Civil de Chile (1855) y su poema Alocuci\u00f3n a la Poes\u00eda son hitos que marcaron la lengua, el derecho y la literatura en el continente.<\/p>\n\n\n\n<p>En Chile, fue el primer rector de la Universidad de Chile, senador y consejero de gobierno, dejando una obra acad\u00e9mica y legislativa que sent\u00f3 bases s\u00f3lidas para la educaci\u00f3n y el derecho en toda Hispanoam\u00e9rica.<\/p>\n\n\n\n<p>En su honor se cre\u00f3 el Convenio Andr\u00e9s Bello (1970), acuerdo de cooperaci\u00f3n entre pa\u00edses iberoamericanos en educaci\u00f3n, ciencia y cultura. Este convenio ofrece a los j\u00f3venes oportunidades de intercambio, becas y proyectos conjuntos, favoreciendo la integraci\u00f3n regional y el desarrollo de una identidad com\u00fan.<\/p>\n\n\n\n<p>Nuestra instituci\u00f3n, <strong>UI. Asociaci\u00f3n Universitaria Hispanoamericana de Postgrado, Formaci\u00f3n Profesional y Pr\u00e1cticas Empresariales<\/strong>, se reconoce heredera de su ideario. Sobre este legado nace el programa \u201c<strong>Puerta a Europa+\u201d<\/strong>, creado para que los j\u00f3venes transformen su talento en oportunidades de formaci\u00f3n y trabajo en Europa.<\/p>\n\n\n\n<p>Invitamos a todos los j\u00f3venes hispanoamericanos a abrir la puerta y a seguir la senda de Andr\u00e9s Bello en Europa.<\/p>\n\n\n\n<p class=\"has-text-align-right\">Fdo.: <strong>Carlos Nina Deheza<\/strong><br>Miembro del Consejo Acad\u00e9mico de Universitas Iberoam\u00e9rica.<\/p>\n","protected":false},"excerpt":{"rendered":"<p>Andr\u00e9s de Jes\u00fas Mar\u00eda Bello L\u00f3pez -Andr\u00e9s Bello- (1781-1865) fue una de las figuras intelectuales m\u00e1s influyentes de Hispanoam\u00e9rica en el siglo XIX. Nacido en Caracas, se distingui\u00f3 como humanista, jurista, poeta y educador, comprometido con el desarrollo cultural y jur\u00eddico de los nuevos Estados americanos. Se form\u00f3 en el Seminario de Santa Rosa y [&hellip;]<\/p>\n","protected":false},"author":1,"featured_media":0,"parent":0,"menu_order":0,"comment_status":"closed","ping_status":"closed","template":"","meta":{"footnotes":""},"class_list":["post-45","page","type-page","status-publish","hentry"],"yoast_head":"<!-- This site is optimized with the Yoast SEO plugin v27.4 - https:\/\/yoast.com\/product\/yoast-seo-wordpress\/ -->\n<title>Contacto - Puerta a Europa<\/title>\n<meta name=\"robots\" content=\"index, follow, max-snippet:-1, max-image-preview:large, max-video-preview:-1\" \/>\n<link rel=\"canonical\" href=\"https:\/\/puertaaeuropa.com\/index.php\/contacto\/\" \/>\n<meta property=\"og:locale\" content=\"es_ES\" \/>\n<meta property=\"og:type\" content=\"article\" \/>\n<meta property=\"og:title\" content=\"Contacto - Puerta a Europa\" \/>\n<meta property=\"og:description\" content=\"Andr\u00e9s de Jes\u00fas Mar\u00eda Bello L\u00f3pez -Andr\u00e9s Bello- (1781-1865) fue una de las figuras intelectuales m\u00e1s influyentes de Hispanoam\u00e9rica en el siglo XIX. Nacido en Caracas, se distingui\u00f3 como humanista, jurista, poeta y educador, comprometido con el desarrollo cultural y jur\u00eddico de los nuevos Estados americanos. Se form\u00f3 en el Seminario de Santa Rosa y [&hellip;]\" \/>\n<meta property=\"og:url\" content=\"https:\/\/puertaaeuropa.com\/index.php\/contacto\/\" \/>\n<meta property=\"og:site_name\" content=\"Puerta a Europa\" \/>\n<meta property=\"article:modified_time\" content=\"2025-09-19T18:29:18+00:00\" \/>\n<meta property=\"og:image\" content=\"https:\/\/puertaaeuropa.com\/wp-content\/uploads\/2024\/05\/logo-puerta-a-europa-peque.jpeg\" \/>\n\t<meta property=\"og:image:width\" content=\"504\" \/>\n\t<meta property=\"og:image:height\" content=\"441\" \/>\n\t<meta property=\"og:image:type\" content=\"image\/jpeg\" \/>\n<meta name=\"twitter:card\" content=\"summary_large_image\" \/>\n<meta name=\"twitter:label1\" content=\"Tiempo de lectura\" \/>\n\t<meta name=\"twitter:data1\" content=\"2 minutos\" \/>\n<script type=\"application\/ld+json\" class=\"yoast-schema-graph\">{\"@context\":\"https:\\\/\\\/schema.org\",\"@graph\":[{\"@type\":\"WebPage\",\"@id\":\"https:\\\/\\\/puertaaeuropa.com\\\/index.php\\\/contacto\\\/\",\"url\":\"https:\\\/\\\/puertaaeuropa.com\\\/index.php\\\/contacto\\\/\",\"name\":\"Contacto - Puerta a Europa\",\"isPartOf\":{\"@id\":\"https:\\\/\\\/puertaaeuropa.com\\\/#website\"},\"primaryImageOfPage\":{\"@id\":\"https:\\\/\\\/puertaaeuropa.com\\\/index.php\\\/contacto\\\/#primaryimage\"},\"image\":{\"@id\":\"https:\\\/\\\/puertaaeuropa.com\\\/index.php\\\/contacto\\\/#primaryimage\"},\"thumbnailUrl\":\"https:\\\/\\\/puertaaeuropa.com\\\/wp-content\\\/uploads\\\/2024\\\/05\\\/logo-puerta-a-europa-peque.jpeg\",\"datePublished\":\"2024-03-14T11:13:31+00:00\",\"dateModified\":\"2025-09-19T18:29:18+00:00\",\"breadcrumb\":{\"@id\":\"https:\\\/\\\/puertaaeuropa.com\\\/index.php\\\/contacto\\\/#breadcrumb\"},\"inLanguage\":\"es\",\"potentialAction\":[{\"@type\":\"ReadAction\",\"target\":[\"https:\\\/\\\/puertaaeuropa.com\\\/index.php\\\/contacto\\\/\"]}]},{\"@type\":\"ImageObject\",\"inLanguage\":\"es\",\"@id\":\"https:\\\/\\\/puertaaeuropa.com\\\/index.php\\\/contacto\\\/#primaryimage\",\"url\":\"https:\\\/\\\/puertaaeuropa.com\\\/wp-content\\\/uploads\\\/2024\\\/05\\\/logo-puerta-a-europa-peque.jpeg\",\"contentUrl\":\"https:\\\/\\\/puertaaeuropa.com\\\/wp-content\\\/uploads\\\/2024\\\/05\\\/logo-puerta-a-europa-peque.jpeg\",\"width\":504,\"height\":441},{\"@type\":\"BreadcrumbList\",\"@id\":\"https:\\\/\\\/puertaaeuropa.com\\\/index.php\\\/contacto\\\/#breadcrumb\",\"itemListElement\":[{\"@type\":\"ListItem\",\"position\":1,\"name\":\"Portada\",\"item\":\"https:\\\/\\\/puertaaeuropa.com\\\/\"},{\"@type\":\"ListItem\",\"position\":2,\"name\":\"Contacto\"}]},{\"@type\":\"WebSite\",\"@id\":\"https:\\\/\\\/puertaaeuropa.com\\\/#website\",\"url\":\"https:\\\/\\\/puertaaeuropa.com\\\/\",\"name\":\"Puerta a Europa\",\"description\":\"Movilidad acad&eacute;mica y profesional para Iberoam&eacute;rica, al estilo del programa Erasmus\",\"publisher\":{\"@id\":\"https:\\\/\\\/puertaaeuropa.com\\\/#organization\"},\"potentialAction\":[{\"@type\":\"SearchAction\",\"target\":{\"@type\":\"EntryPoint\",\"urlTemplate\":\"https:\\\/\\\/puertaaeuropa.com\\\/?s={search_term_string}\"},\"query-input\":{\"@type\":\"PropertyValueSpecification\",\"valueRequired\":true,\"valueName\":\"search_term_string\"}}],\"inLanguage\":\"es\"},{\"@type\":\"Organization\",\"@id\":\"https:\\\/\\\/puertaaeuropa.com\\\/#organization\",\"name\":\"Puerta a Europa\",\"url\":\"https:\\\/\\\/puertaaeuropa.com\\\/\",\"logo\":{\"@type\":\"ImageObject\",\"inLanguage\":\"es\",\"@id\":\"https:\\\/\\\/puertaaeuropa.com\\\/#\\\/schema\\\/logo\\\/image\\\/\",\"url\":\"https:\\\/\\\/puertaaeuropa.com\\\/wp-content\\\/uploads\\\/2024\\\/05\\\/logo-puerta-a-europa-peque-1.jpeg\",\"contentUrl\":\"https:\\\/\\\/puertaaeuropa.com\\\/wp-content\\\/uploads\\\/2024\\\/05\\\/logo-puerta-a-europa-peque-1.jpeg\",\"width\":504,\"height\":441,\"caption\":\"Puerta a Europa\"},\"image\":{\"@id\":\"https:\\\/\\\/puertaaeuropa.com\\\/#\\\/schema\\\/logo\\\/image\\\/\"}}]}<\/script>\n<!-- \/ Yoast SEO plugin. -->","yoast_head_json":{"title":"Contacto - Puerta a Europa","robots":{"index":"index","follow":"follow","max-snippet":"max-snippet:-1","max-image-preview":"max-image-preview:large","max-video-preview":"max-video-preview:-1"},"canonical":"https:\/\/puertaaeuropa.com\/index.php\/contacto\/","og_locale":"es_ES","og_type":"article","og_title":"Contacto - Puerta a Europa","og_description":"Andr\u00e9s de Jes\u00fas Mar\u00eda Bello L\u00f3pez -Andr\u00e9s Bello- (1781-1865) fue una de las figuras intelectuales m\u00e1s influyentes de Hispanoam\u00e9rica en el siglo XIX. Nacido en Caracas, se distingui\u00f3 como humanista, jurista, poeta y educador, comprometido con el desarrollo cultural y jur\u00eddico de los nuevos Estados americanos. Se form\u00f3 en el Seminario de Santa Rosa y [&hellip;]","og_url":"https:\/\/puertaaeuropa.com\/index.php\/contacto\/","og_site_name":"Puerta a Europa","article_modified_time":"2025-09-19T18:29:18+00:00","og_image":[{"width":504,"height":441,"url":"https:\/\/puertaaeuropa.com\/wp-content\/uploads\/2024\/05\/logo-puerta-a-europa-peque.jpeg","type":"image\/jpeg"}],"twitter_card":"summary_large_image","twitter_misc":{"Tiempo de lectura":"2 minutos"},"schema":{"@context":"https:\/\/schema.org","@graph":[{"@type":"WebPage","@id":"https:\/\/puertaaeuropa.com\/index.php\/contacto\/","url":"https:\/\/puertaaeuropa.com\/index.php\/contacto\/","name":"Contacto - Puerta a Europa","isPartOf":{"@id":"https:\/\/puertaaeuropa.com\/#website"},"primaryImageOfPage":{"@id":"https:\/\/puertaaeuropa.com\/index.php\/contacto\/#primaryimage"},"image":{"@id":"https:\/\/puertaaeuropa.com\/index.php\/contacto\/#primaryimage"},"thumbnailUrl":"https:\/\/puertaaeuropa.com\/wp-content\/uploads\/2024\/05\/logo-puerta-a-europa-peque.jpeg","datePublished":"2024-03-14T11:13:31+00:00","dateModified":"2025-09-19T18:29:18+00:00","breadcrumb":{"@id":"https:\/\/puertaaeuropa.com\/index.php\/contacto\/#breadcrumb"},"inLanguage":"es","potentialAction":[{"@type":"ReadAction","target":["https:\/\/puertaaeuropa.com\/index.php\/contacto\/"]}]},{"@type":"ImageObject","inLanguage":"es","@id":"https:\/\/puertaaeuropa.com\/index.php\/contacto\/#primaryimage","url":"https:\/\/puertaaeuropa.com\/wp-content\/uploads\/2024\/05\/logo-puerta-a-europa-peque.jpeg","contentUrl":"https:\/\/puertaaeuropa.com\/wp-content\/uploads\/2024\/05\/logo-puerta-a-europa-peque.jpeg","width":504,"height":441},{"@type":"BreadcrumbList","@id":"https:\/\/puertaaeuropa.com\/index.php\/contacto\/#breadcrumb","itemListElement":[{"@type":"ListItem","position":1,"name":"Portada","item":"https:\/\/puertaaeuropa.com\/"},{"@type":"ListItem","position":2,"name":"Contacto"}]},{"@type":"WebSite","@id":"https:\/\/puertaaeuropa.com\/#website","url":"https:\/\/puertaaeuropa.com\/","name":"Puerta a Europa","description":"Movilidad acad&eacute;mica y profesional para Iberoam&eacute;rica, al estilo del programa Erasmus","publisher":{"@id":"https:\/\/puertaaeuropa.com\/#organization"},"potentialAction":[{"@type":"SearchAction","target":{"@type":"EntryPoint","urlTemplate":"https:\/\/puertaaeuropa.com\/?s={search_term_string}"},"query-input":{"@type":"PropertyValueSpecification","valueRequired":true,"valueName":"search_term_string"}}],"inLanguage":"es"},{"@type":"Organization","@id":"https:\/\/puertaaeuropa.com\/#organization","name":"Puerta a Europa","url":"https:\/\/puertaaeuropa.com\/","logo":{"@type":"ImageObject","inLanguage":"es","@id":"https:\/\/puertaaeuropa.com\/#\/schema\/logo\/image\/","url":"https:\/\/puertaaeuropa.com\/wp-content\/uploads\/2024\/05\/logo-puerta-a-europa-peque-1.jpeg","contentUrl":"https:\/\/puertaaeuropa.com\/wp-content\/uploads\/2024\/05\/logo-puerta-a-europa-peque-1.jpeg","width":504,"height":441,"caption":"Puerta a Europa"},"image":{"@id":"https:\/\/puertaaeuropa.com\/#\/schema\/logo\/image\/"}}]}},"jetpack_sharing_enabled":true,"_links":{"self":[{"href":"https:\/\/puertaaeuropa.com\/index.php\/wp-json\/wp\/v2\/pages\/45","targetHints":{"allow":["GET"]}}],"collection":[{"href":"https:\/\/puertaaeuropa.com\/index.php\/wp-json\/wp\/v2\/pages"}],"about":[{"href":"https:\/\/puertaaeuropa.com\/index.php\/wp-json\/wp\/v2\/types\/page"}],"author":[{"embeddable":true,"href":"https:\/\/puertaaeuropa.com\/index.php\/wp-json\/wp\/v2\/users\/1"}],"replies":[{"embeddable":true,"href":"https:\/\/puertaaeuropa.com\/index.php\/wp-json\/wp\/v2\/comments?post=45"}],"version-history":[{"count":10,"href":"https:\/\/puertaaeuropa.com\/index.php\/wp-json\/wp\/v2\/pages\/45\/revisions"}],"predecessor-version":[{"id":339,"href":"https:\/\/puertaaeuropa.com\/index.php\/wp-json\/wp\/v2\/pages\/45\/revisions\/339"}],"wp:attachment":[{"href":"https:\/\/puertaaeuropa.com\/index.php\/wp-json\/wp\/v2\/media?parent=45"}],"curies":[{"name":"wp","href":"https:\/\/api.w.org\/{rel}","templated":true}]}}